
{"id":2045,"date":"2020-03-26T16:32:10","date_gmt":"2020-03-26T16:32:10","guid":{"rendered":"http:\/\/tench.be\/clients\/mediaforta\/mfagency\/cases\/pvi\/"},"modified":"2026-04-24T13:54:03","modified_gmt":"2026-04-24T13:54:03","slug":"pvi","status":"publish","type":"case","link":"https:\/\/www.mediaforta.com\/fr\/cases\/pvi\/","title":{"rendered":"PVI"},"content":{"rendered":"\n<h3 class=\"wp-block-heading\" id=\"h-le-defi\">Le d\u00e9fi<\/h3>\n\n\n\n<h2 class=\"wp-block-heading\" id=\"h-strategie-de-contenu-international-creation-de-contenu-et-generation-de-prospects-pour-pvi\">Strat\u00e9gie de contenu international, cr\u00e9ation de contenu et g\u00e9n\u00e9ration de prospects pour PVI<\/h2>\n\n\n\n<p>PVI \u00e9tait \u00e0 la recherche d\u2019un partenaire pour la cr\u00e9ation de prospects num\u00e9riques \u00e0 l\u2019\u00e9chelle europ\u00e9enne et principalement sur les march\u00e9s allemands et fran\u00e7ais. De plus, ils voulaient se faire conna\u00eetre ou cultiver leur notori\u00e9t\u00e9 aupr\u00e8s de leurs clients existants.<\/p>\n\n\n\n<h3 class=\"wp-block-heading\" id=\"h-plan-d-attaque\">Plan d&rsquo;attaque<\/h3>\n\n\n\n<p>Apr\u00e8s une analyse approfondie des services de l\u2019entreprise, nous avons d\u00e9velopp\u00e9 le buyer persona et le parcours client. Tous les membres de l\u2019\u00e9quipe ont pu ainsi obtenir une id\u00e9e claire du groupe cible et de la fa\u00e7on dont nous voulions communiquer avec lui.<\/p>\n\n\n\n<p>Le parcours client nous a permis de d\u00e9terminer ce que le groupe cible attendait \u00e0 chaque point de contact. Sur la base d\u2019objectifs concrets, nous avons mis au point\u00a0<a href=\"https:\/\/www.mediaforta.com\/fr\/strategie-de-contenu\/marketing-de-contenu\/\" target=\"_blank\" rel=\"noreferrer noopener\">un plan de marketing de contenu international<\/a>\u00a0et d\u00e9fini les actions n\u00e9cessaires pour atteindre les objectifs.<\/p>\n\n\n\n<h3 class=\"wp-block-heading\" id=\"h-journal-pvi\">Journal PVI<\/h3>\n\n\n\n<p>L\u2019un des objectifs de PVI \u00e9tait d\u2019accro\u00eetre la notori\u00e9t\u00e9 de l\u2019entreprise aupr\u00e8s de ses clients existants. Nous avons donc publi\u00e9\u00a0<a href=\"https:\/\/www.mediaforta.com\/fr\/production-de-contenu\/e-mail-marketing\/\" target=\"_blank\" rel=\"noreferrer noopener\">un journal<\/a>\u00a0PVI envoy\u00e9 \u00e0 tous les clients tous les trois mois. Ce journal pr\u00e9sentait les innovations de PVI, mais aussi les personnes derri\u00e8re l\u2019entreprise pour lui donner un visage.<\/p>\n\n\n<div class=\"wp-block-image\">\n<figure class=\"aligncenter\"><img loading=\"lazy\" decoding=\"async\" width=\"1024\" height=\"597\" src=\"https:\/\/www.mediaforta.com\/wp-content\/uploads\/2020\/03\/PVI3-1024x597.png\" alt=\"\" class=\"wp-image-2444\" srcset=\"https:\/\/www.mediaforta.com\/wp-content\/uploads\/2020\/03\/PVI3-1024x597.png 1024w, https:\/\/www.mediaforta.com\/wp-content\/uploads\/2020\/03\/PVI3-300x175.png 300w, https:\/\/www.mediaforta.com\/wp-content\/uploads\/2020\/03\/PVI3-768x448.png 768w, https:\/\/www.mediaforta.com\/wp-content\/uploads\/2020\/03\/PVI3-1536x896.png 1536w, https:\/\/www.mediaforta.com\/wp-content\/uploads\/2020\/03\/PVI3-926x540.png 926w, https:\/\/www.mediaforta.com\/wp-content\/uploads\/2020\/03\/PVI3-1801x1050.png 1801w, https:\/\/www.mediaforta.com\/wp-content\/uploads\/2020\/03\/PVI3.png 1852w\" sizes=\"auto, (max-width: 1024px) 100vw, 1024px\" \/><\/figure>\n<\/div>\n\n\n<p><\/p>\n\n\n<div class=\"wp-block-image\">\n<figure class=\"aligncenter\"><img loading=\"lazy\" decoding=\"async\" width=\"1024\" height=\"640\" src=\"https:\/\/www.mediaforta.com\/wp-content\/uploads\/2020\/03\/PVI2-1024x640.png\" alt=\"\" class=\"wp-image-2441\" srcset=\"https:\/\/www.mediaforta.com\/wp-content\/uploads\/2020\/03\/PVI2-1024x640.png 1024w, https:\/\/www.mediaforta.com\/wp-content\/uploads\/2020\/03\/PVI2-300x188.png 300w, https:\/\/www.mediaforta.com\/wp-content\/uploads\/2020\/03\/PVI2-768x480.png 768w, https:\/\/www.mediaforta.com\/wp-content\/uploads\/2020\/03\/PVI2-1536x960.png 1536w, https:\/\/www.mediaforta.com\/wp-content\/uploads\/2020\/03\/PVI2-864x540.png 864w, https:\/\/www.mediaforta.com\/wp-content\/uploads\/2020\/03\/PVI2-1680x1050.png 1680w, https:\/\/www.mediaforta.com\/wp-content\/uploads\/2020\/03\/PVI2.png 1728w\" sizes=\"auto, (max-width: 1024px) 100vw, 1024px\" \/><\/figure>\n<\/div>\n\n\n<h3 class=\"wp-block-heading\" id=\"h-blog\">Blog<\/h3>\n\n\n\n<p>Outre le journal, nous avons construit\u00a0un blog en trois langues\u00a0pour PVI, afin qu\u2019ils puissent d\u00e9montrer en continu leur leadership \u00e9clair\u00e9.<\/p>\n\n\n<div class=\"wp-block-image\">\n<figure class=\"aligncenter\"><img loading=\"lazy\" decoding=\"async\" width=\"519\" height=\"1024\" src=\"https:\/\/www.mediaforta.com\/wp-content\/uploads\/2020\/03\/Altifort-blog2-519x1024.jpg\" alt=\"\" class=\"wp-image-2447\" srcset=\"https:\/\/www.mediaforta.com\/wp-content\/uploads\/2020\/03\/Altifort-blog2-519x1024.jpg 519w, https:\/\/www.mediaforta.com\/wp-content\/uploads\/2020\/03\/Altifort-blog2-152x300.jpg 152w, https:\/\/www.mediaforta.com\/wp-content\/uploads\/2020\/03\/Altifort-blog2-768x1516.jpg 768w, https:\/\/www.mediaforta.com\/wp-content\/uploads\/2020\/03\/Altifort-blog2-778x1536.jpg 778w, https:\/\/www.mediaforta.com\/wp-content\/uploads\/2020\/03\/Altifort-blog2-1037x2048.jpg 1037w, https:\/\/www.mediaforta.com\/wp-content\/uploads\/2020\/03\/Altifort-blog2-273x540.jpg 273w, https:\/\/www.mediaforta.com\/wp-content\/uploads\/2020\/03\/Altifort-blog2-532x1050.jpg 532w, https:\/\/www.mediaforta.com\/wp-content\/uploads\/2020\/03\/Altifort-blog2-scaled.jpg 1297w\" sizes=\"auto, (max-width: 519px) 100vw, 519px\" \/><\/figure>\n<\/div>\n\n\n<h2 class=\"wp-block-heading\" id=\"h-articles-de-blog\">Articles de blog<\/h2>\n\n\n\n<p>Nous avons \u00e9labor\u00e9\u00a0<a href=\"https:\/\/www.mediaforta.com\/fr\/strategie-de-contenu\/marketing-de-contenu\/\" target=\"_blank\" rel=\"noreferrer noopener\">un programme de contenu<\/a>\u00a0et compos\u00e9\u00a0<a href=\"https:\/\/www.mediaforta.com\/fr\/production-de-contenu\/technical-writer\/\" target=\"_blank\" rel=\"noreferrer noopener\">une \u00e9quipe de r\u00e9dacteurs techniques<\/a>\u00a0qui ont cr\u00e9\u00e9 un excellent contenu en trois langues pour le groupe cible B2B (ing\u00e9nieurs, propri\u00e9taires d\u2019entreprise\u2026).<\/p>\n\n\n\n<h2 class=\"wp-block-heading\" id=\"h-marketing-par-e-mail\">Marketing par e-mail<\/h2>\n\n\n\n<p>Pour promouvoir davantage le contenu, Mediaforta a con\u00e7u un mod\u00e8le de newsletter, ce qui a permis de faciliter la diffusion du contenu aupr\u00e8s de tous leurs clients.<\/p>\n","protected":false},"excerpt":{"rendered":"<p>Le d\u00e9fi Strat\u00e9gie de contenu international, cr\u00e9ation de contenu et g\u00e9n\u00e9ration de prospects pour PVI PVI \u00e9tait \u00e0 la recherche d\u2019un partenaire pour la cr\u00e9ation de prospects num\u00e9riques \u00e0 l\u2019\u00e9chelle europ\u00e9enne et principalement sur les march\u00e9s allemands et fran\u00e7ais. De plus, ils voulaient se faire conna\u00eetre ou cultiver leur notori\u00e9t\u00e9 aupr\u00e8s de leurs clients existants. &#8230;  <a class=\"excerpt-read-more\" href=\"https:\/\/www.mediaforta.com\/fr\/cases\/pvi\/\" title=\"LirePVI\">Lire la suite &raquo;<\/a><\/p>\n","protected":false},"featured_media":0,"template":"","class_list":["post-2045","case","type-case","status-publish","hentry","case_tag-contentproductie-fr","case_tag-contentpromotie-fr","case_tag-strategie-de-contenu"],"acf":[],"_links":{"self":[{"href":"https:\/\/www.mediaforta.com\/fr\/wp-json\/wp\/v2\/case\/2045","targetHints":{"allow":["GET"]}}],"collection":[{"href":"https:\/\/www.mediaforta.com\/fr\/wp-json\/wp\/v2\/case"}],"about":[{"href":"https:\/\/www.mediaforta.com\/fr\/wp-json\/wp\/v2\/types\/case"}],"wp:attachment":[{"href":"https:\/\/www.mediaforta.com\/fr\/wp-json\/wp\/v2\/media?parent=2045"}],"curies":[{"name":"wp","href":"https:\/\/api.w.org\/{rel}","templated":true}]}}

<h3 class="wp-block-heading" id="h-le-defi">Le défi</h3>



<h2 class="wp-block-heading" id="h-strategie-de-contenu-international-creation-de-contenu-et-generation-de-prospects-pour-pvi">Stratégie de contenu international, création de contenu et génération de prospects pour PVI</h2>



<p>PVI était à la recherche d’un partenaire pour la création de prospects numériques à l’échelle européenne et principalement sur les marchés allemands et français. De plus, ils voulaient se faire connaître ou cultiver leur notoriété auprès de leurs clients existants.</p>



<h3 class="wp-block-heading" id="h-plan-d-attaque">Plan d&rsquo;attaque</h3>



<p>Après une analyse approfondie des services de l’entreprise, nous avons développé le buyer persona et le parcours client. Tous les membres de l’équipe ont pu ainsi obtenir une idée claire du groupe cible et de la façon dont nous voulions communiquer avec lui.</p>



<p>Le parcours client nous a permis de déterminer ce que le groupe cible attendait à chaque point de contact. Sur la base d’objectifs concrets, nous avons mis au point <a href="https://www.mediaforta.com/fr/strategie-de-contenu/marketing-de-contenu/" target="_blank" rel="noreferrer noopener">un plan de marketing de contenu international</a> et défini les actions nécessaires pour atteindre les objectifs.</p>



<h3 class="wp-block-heading" id="h-journal-pvi">Journal PVI</h3>



<p>L’un des objectifs de PVI était d’accroître la notoriété de l’entreprise auprès de ses clients existants. Nous avons donc publié <a href="https://www.mediaforta.com/fr/production-de-contenu/e-mail-marketing/" target="_blank" rel="noreferrer noopener">un journal</a> PVI envoyé à tous les clients tous les trois mois. Ce journal présentait les innovations de PVI, mais aussi les personnes derrière l’entreprise pour lui donner un visage.</p>


<div class="wp-block-image">
<figure class="aligncenter"><img loading="lazy" decoding="async" width="1024" height="597" src="https://www.mediaforta.com/wp-content/uploads/2020/03/PVI3-1024x597.png" alt="" class="wp-image-2444" srcset="https://www.mediaforta.com/wp-content/uploads/2020/03/PVI3-1024x597.png 1024w, https://www.mediaforta.com/wp-content/uploads/2020/03/PVI3-300x175.png 300w, https://www.mediaforta.com/wp-content/uploads/2020/03/PVI3-768x448.png 768w, https://www.mediaforta.com/wp-content/uploads/2020/03/PVI3-1536x896.png 1536w, https://www.mediaforta.com/wp-content/uploads/2020/03/PVI3-926x540.png 926w, https://www.mediaforta.com/wp-content/uploads/2020/03/PVI3-1801x1050.png 1801w, https://www.mediaforta.com/wp-content/uploads/2020/03/PVI3.png 1852w" sizes="auto, (max-width: 1024px) 100vw, 1024px" /></figure>
</div>


<p></p>


<div class="wp-block-image">
<figure class="aligncenter"><img loading="lazy" decoding="async" width="1024" height="640" src="https://www.mediaforta.com/wp-content/uploads/2020/03/PVI2-1024x640.png" alt="" class="wp-image-2441" srcset="https://www.mediaforta.com/wp-content/uploads/2020/03/PVI2-1024x640.png 1024w, https://www.mediaforta.com/wp-content/uploads/2020/03/PVI2-300x188.png 300w, https://www.mediaforta.com/wp-content/uploads/2020/03/PVI2-768x480.png 768w, https://www.mediaforta.com/wp-content/uploads/2020/03/PVI2-1536x960.png 1536w, https://www.mediaforta.com/wp-content/uploads/2020/03/PVI2-864x540.png 864w, https://www.mediaforta.com/wp-content/uploads/2020/03/PVI2-1680x1050.png 1680w, https://www.mediaforta.com/wp-content/uploads/2020/03/PVI2.png 1728w" sizes="auto, (max-width: 1024px) 100vw, 1024px" /></figure>
</div>


<h3 class="wp-block-heading" id="h-blog">Blog</h3>



<p>Outre le journal, nous avons construit un blog en trois langues pour PVI, afin qu’ils puissent démontrer en continu leur leadership éclairé.</p>


<div class="wp-block-image">
<figure class="aligncenter"><img loading="lazy" decoding="async" width="519" height="1024" src="https://www.mediaforta.com/wp-content/uploads/2020/03/Altifort-blog2-519x1024.jpg" alt="" class="wp-image-2447" srcset="https://www.mediaforta.com/wp-content/uploads/2020/03/Altifort-blog2-519x1024.jpg 519w, https://www.mediaforta.com/wp-content/uploads/2020/03/Altifort-blog2-152x300.jpg 152w, https://www.mediaforta.com/wp-content/uploads/2020/03/Altifort-blog2-768x1516.jpg 768w, https://www.mediaforta.com/wp-content/uploads/2020/03/Altifort-blog2-778x1536.jpg 778w, https://www.mediaforta.com/wp-content/uploads/2020/03/Altifort-blog2-1037x2048.jpg 1037w, https://www.mediaforta.com/wp-content/uploads/2020/03/Altifort-blog2-273x540.jpg 273w, https://www.mediaforta.com/wp-content/uploads/2020/03/Altifort-blog2-532x1050.jpg 532w, https://www.mediaforta.com/wp-content/uploads/2020/03/Altifort-blog2-scaled.jpg 1297w" sizes="auto, (max-width: 519px) 100vw, 519px" /></figure>
</div>


<h2 class="wp-block-heading" id="h-articles-de-blog">Articles de blog</h2>



<p>Nous avons élaboré <a href="https://www.mediaforta.com/fr/strategie-de-contenu/marketing-de-contenu/" target="_blank" rel="noreferrer noopener">un programme de contenu</a> et composé <a href="https://www.mediaforta.com/fr/production-de-contenu/technical-writer/" target="_blank" rel="noreferrer noopener">une équipe de rédacteurs techniques</a> qui ont créé un excellent contenu en trois langues pour le groupe cible B2B (ingénieurs, propriétaires d’entreprise…).</p>



<h2 class="wp-block-heading" id="h-marketing-par-e-mail">Marketing par e-mail</h2>



<p>Pour promouvoir davantage le contenu, Mediaforta a conçu un modèle de newsletter, ce qui a permis de faciliter la diffusion du contenu auprès de tous leurs clients.</p>

<p>Le défi Stratégie de contenu international, création de contenu et génération de prospects pour PVI PVI était à la recherche d’un partenaire pour la création de prospects numériques à l’échelle européenne et principalement sur les marchés allemands et français. De plus, ils voulaient se faire connaître ou cultiver leur notoriété auprès de leurs clients existants. &#8230;  <a class="excerpt-read-more" href="https://www.mediaforta.com/fr/cases/pvi/" title="LirePVI">Lire la suite &raquo;</a></p>
